ide 182?
True
Is 190 a factor of 42209?
False
Is 3877 a multiple of 23?
False
Is 799 a multiple of 96?
False
Is 2 a factor of 152?
True
Is 752 a multiple of 16?
True
Is 41 a factor of 99944?
False
Is 4480 a multiple of 40?
True
Is 46 a factor of 7420?
False
Is 5716 a multiple of 11?
False
Does 6 divide 1098?
True
Does 86 divide 2091?
False
Does 38 divide 12717?
False
Is 17 a factor of 298?
False
Is 34 a factor of 267?
False
Is 9 a factor of 837?
True
Does 9 divide 162?
True
Is 1487 a multiple of 20?
False
Is 7 a factor of 15631?
True
Does 20 divide 27034?
False
Is 16391 a multiple of 37?
True
Is 14 a factor of 161?
False
Is 184 a multiple of 92?
True
Is 264 a multiple of 44?
True
Is 83 a factor of 21497?
True
Is 13 a factor of 969?
False
Does 13 divide 858?
True
Is 43 a factor of 3675?
False
Does 25 divide 96250?
True
Does 16 divide 24172?
False
Is 2443 a multiple of 8?
False
Does 41 divide 2249?
False
Is 99 a factor of 2376?
True
Is 2512 a multiple of 16?
True
Is 9842 a multiple of 37?
True
Is 14 a factor of 3962?
True
Is 102 a factor of 24583?
False
Does 10 divide 1647?
False
Does 81 divide 6474?
False
Is 24928 a multiple of 152?
True
Does 10 divide 120?
True
Is 6248 a multiple of 11?
True
Is 1185 a multiple of 8?
False
Is 159 a factor of 636?
True
Is 17310 a multiple of 15?
True
Is 15 a factor of 8686?
False
Is 11 a factor of 18290?
False
Does 5 divide 17450?
True
Is 61302 a multiple of 44?
False
Is 78976 a multiple of 65?
False
Is 2656 a multiple of 83?
True
Does 15 divide 384?
False
Is 5 a factor of 195?
True
Is 14 a factor of 364?
True
Does 27 divide 34560?
True
Is 54 a factor of 702?
True
Is 34088 a multiple of 11?
False
Does 96 divide 960?
True
Is 23 a factor of 483?
True
Is 76 a factor of 7068?
True
Is 1162 a multiple of 15?
False
Does 50 divide 450?
True
Does 43 divide 860?
True
Is 13 a factor of 741?
True
Is 4 a factor of 11019?
False
Is 23 a factor of 2576?
True
Does 46 divide 12747?
False
Is 12896 a multiple of 22?
False
Is 9 a factor of 288?
True
Does 6 divide 77?
False
Is 23 a factor of 38?
False
Does 29 divide 1428?
False
Is 16065 a multiple of 85?
True
Does 23 divide 67310?
False
Is 2004 a multiple of 16?
False
Does 12 divide 1488?
True
Is 64 a factor of 11169?
False
Is 7 a factor of 1811?
False
Does 22 divide 506?
True
Is 6395 a multiple of 27?
False
Is 6536 a multiple of 8?
True
Is 2090 a multiple of 11?
True
Is 77 a factor of 357?
False
Is 122 a factor of 4249?
False
Does 56 divide 616?
True
Does 2 divide 650?
True
Is 53147 a multiple of 127?
False
Does 45 divide 56075?
False
Does 50 divide 78350?
True
Is 549 a multiple of 23?
False
Is 19 a factor of 513?
True
Is 96 a factor of 208?
False
Is 2728 a multiple of 44?
True
Is 91 a factor of 5083?
False
Does 11 divide 748?
True
Does 21 divide 4326?
True
Does 37 divide 4410?
False
Does 24 divide 11700?
False
Does 95 divide 3135?
True
Is 11504 a multiple of 83?
False
Does 4 divide 24?
True
Is 12 a multiple of 2?
True
Is 7 a factor of 7063?
True
Does 34 divide 4083?
False
Does 16 divide 13696?
True
Is 14 a factor of 9520?
True
Does 15 divide 44205?
True
Does 6 divide 3780?
True
Is 41 a factor of 8136?
False
Does 75 divide 1180?
False
Is 11 a factor of 803?
True
Is 28 a factor of 42448?
True
Is 122 a factor of 16795?
False
Is 736 a multiple of 33?
False
Is 79 a factor of 22910?
True
Does 22 divide 12628?
True
Is 24 a factor of 27384?
True
Does 3 divide 2683?
False
Does 56 divide 716?
False
Is 1800 a multiple of 60?
True
Is 3191 a multiple of 62?
False
Does 8 divide 193?
False
Does 13 divide 23915?
False
Is 8592 a multiple of 3?
True
Does 36 divide 72?
True
Does 16 divide 3694?
False
Is 8245 a multiple of 130?
False
Is 10261 a multiple of 8?
False
Is 66 a factor of 4290?
True
Is 12 a factor of 960?
True
Does 14 divide 1586?
False
Is 38 a factor of 1292?
True
Is 3599 a multiple of 25?
False
Does 64 divide 10550?
False
Is 930 a multiple of 29?
False
Does 20 divide 627?
False
Does 13 divide 18419?
False
Is 26 a factor of 5862?
False
Is 25 a factor of 368?
False
Is 16 a factor of 17912?
False
Is 10 a factor of 2873?
False
Does 17 divide 680?
True
Is 8594 a multiple of 14?
False
Is 39424 a multiple of 112?
True
Is 1080 a multiple of 15?
True
Is 127 a factor of 65151?
True
Is 16 a factor of 2224?
True
Does 50 divide 18468?
False
Is 9 a factor of 738?
True
Is 382 a multiple of 34?
False
Is 169 a factor of 80275?
True
Is 18 a factor of 1823?
False
Does 16 divide 1914?
False
Is 68 a factor of 340?
True
Is 31 a factor of 1200?
False
Is 3084 a multiple of 18?
False
Is 32724 a multiple of 12?
True
Is 8447 a multiple of 29?
False
Does 7 divide 1610?
True
Does 47 divide 31781?
False
Does 11 divide 924?
True
Is 36 a factor of 252?
True
Does 9 divide 47196?
True
Does 28 divide 12432?
True
Does 38 divide 16207?
False
Is 142 a factor of 41778?
False
Is 72 a factor of 653?
False
Is 10 a factor of 7339?
False
Is 37 a factor of 30479?
False
Is 46 a factor of 763?
False
Does 6 divide 1086?
True
Is 15 a factor of 45435?
True
Does 117 divide 23958?
False
Is 85 a factor of 12332?
False
Is 64 a factor of 22336?
True
Does 83 divide 51045?
True
Is 7 a factor of 2055?
False
Is 1599 a multiple of 41?
True
Is 48 a multiple of 8?
True
Does 13 divide 1896?
False
Is 17791 a multiple of 56?
False
Does 33 divide 324?
False
Is 6 a factor of 143?
False
Does 61 divide 8906?
True
Is 54 a factor of 848?
False
Is 6 a factor of 267?
False
Does 5 divide 1342?
False
Does 13 divide 10855?
True
Does 26 divide 3718?
True
Is 317 a factor of 7324?
False
Does 2 divide 1741?
False
Is 80 a factor of 1360?
True
Is 13 a factor of 2607?
False
Is 13 a factor of 20536?
False
Is 5 a factor of 351?
False
Does 5 divide 199?
False
Is 33432 a multiple of 56?
True
Does 2 divide 284?
True
Is 2152 a multiple of 90?
False
Is 9 a factor of 1512?
True
Is 13 a factor of 11425?
False
Is 2898 a multiple of 69?
True
Is 1590 a multiple of 30?
True
Is 18 a multiple of 3?
True
Does 14 divide 1535?
False
Does 7 divide 2128?
True
Is 727 a multiple of 15?
False
Is 989 a multiple of 10?
False
Is 39 a factor of 2262?
True
Does 258 divide 84662?
False
Does 37 divide 1462?
False
Does 3 divide 3608?
False
Is 19 a factor of 3895?
True
Is 5 a factor of 2374?
False
Does 210 divide 22809?
False
Is 22 a factor of 50?
False
Does 26 divide 2508?
False
Is 118 a factor of 141600?
True
Is 9 a factor of 317?
False
Is 27 a factor of 3186?
True
Is 68 a factor of 1292?
True
Is 5 a factor of 1292?
False
Is 28 a factor of 1568?
True
Does 12 divide 1200?
True
Is 47 a factor of 5346?
False
Is 43 a multiple of 43?
True
Is 109 a factor of 10890?
False
Is 213 a multiple of 14?
False
Is 90 a multiple of 6?
True
Is 5214 a multiple of 20?
False
Does 80 divide 1040?
True
Is 1802 a multiple of 53?
True
Is 165 a multiple of 25?
False
Does 11 divide 431?
False
Is 576 a multiple of 32?
True
Is 9 a factor of 4589?
False
Is 120 a factor of 6120?
True
Is 301 a multiple of 3?
False
Does 13 divide 63938?
False
Is 10 a factor of 31120?
True
Is 8178 a multiple of 24?
False
Does 41 divide 574?
True
Is 11374 a multiple of 47?
True
Is 544 a multiple of 16?
True
Does 37 divide 759?
False
Is 136 a multiple of 4?
True
Is 117 a factor of 40754?
False
Is 7527 a multiple of 68?
False
Is 708 a multiple of 6?
True
Is 4668 even?
True
Does 73 divide 56283?
True
Does 181 divide 40725?
True
Is 70117 a multiple of 14?
False
Does 2 divide 4246?
True
Is 47 a factor of 1152?
False
Is 27 a factor of 837?
True
Is 16 a factor of 378?
False
Is 1077 a multiple of 16?
False
Does 79 divide 3399?
False
Does 110 divide 12507?
False
Is 3030 a multiple of 15?
True
Is 37485 a multiple of 334?
False
Does 20 divide 34300?
True
Does 20 divide 1975?
False
Is 62 a factor of 217?
False
Is 2669 a multiple of 33?
False
Does 8 divide 488?
True
Does 13 divide 1378?
True
Is 14 a factor of 1439?
False
Is 32 a factor of 56640?
True
Does 7 divide 3093?
False
Does 98 divide 139214?
False
Is 468 a multiple of 6?
True
Is 37 a factor of 474?
False
Is 6 a factor of 49242?
True
Is 27 a factor of 4288?
False
Is 45 a factor of 4905?
True
Is 19 a factor of 4313?
True
Is 8 a factor of 5461?
False
Is 33 a factor of 3386?
False
Is 61 a factor of 3477?
True
Does 78 divide 757?
False
Is 7 a factor of 329?
True
Does 3 divide 485?
False
Is 72 a factor of 5